u = 491 + 140. Let x = -89 + u. List the prime factors of x.
2, 271
Let u(y) = 6*y - 3 - 5*y - 15 + 2*y. Let j be u(6). Suppose -3*s - 3*f + 75 = j, 0 = 5*s - 2*s - 5*f - 35. List the prime factors of s.
2, 5
Suppose 0 = -3*r - r + 3*b + 27, 5*b + 10 = -5*r. Suppose 5*l - r*l - 6 = 0, -5*p = 5*l - 3970. What are the prime factors of p?
7, 113
Suppose -4*i + 15 = i. Suppose 0*b - 3*b = i*v - 48, 0 = -5*b - 3*v + 74. Suppose -36 = -2*n + 4*c, n + 2*c = 5 + b. What are the prime factors of n?
2, 3
Let a(m) = 16*m + 24*m - 8 + m**2 - 42*m. Let k be a(8). Suppose n - 3*n + 4*r = -50, -n + k = 3*r. List the prime factors of n.
31
Suppose 5*s + 83060 = 5*c - 0*s, 3*c - s - 49832 = 0. What are the prime factors of c?
2, 5, 11, 151
Suppose 14*m - 10*m = t - 34, -218 = -5*t + 4*m. Let k = t - 15. List the prime factors of k.
31
Let g(d) = -181 - 185 - 181 - 21*d - 2*d**3 - 35*d**2 + 537. Suppose -85 = i + 4*i. List the prime factors of g(i).
2, 29
List the prime factors of (10032/(-200)*-5)/(4/230).
3, 11, 19, 23
Suppose 0 = -p - 2*x - 5 + 13, 4*p + 3*x = 57. Let g(m) = -2*m + 4. Let a be g(6). Let i = a + p. What are the prime factors of i?
2, 5
Let g = 3906 + -2178. Suppose -2*i + 5105 = 3*a + g, a = -5*i + 8410. List the prime factors of i.
41
Let y = 21354 + -9809. Suppose -y = -13*k + 1104. What are the prime factors of k?
7, 139
Let j = 29 - 33. Let w be j/(-2) + -3 + 1 - 0. Suppose w = -7*a + 166 + 51. What are the prime factors of a?
31
Suppose 0 = -3*k + 4*m + 43, -4*k + 2*m + 2*m + 64 = 0. Suppose w - 67 = -k. Suppose 55 = g - w. What are the prime factors of g?
101
Suppose 4*w = 0, 3*g + 40*w - 29181 = 35*w. What are the prime factors of g?
71, 137
Let i = 79 - -26. Let y = -164 + 90. Let m = y + i. List the prime factors of m.
31
Let t(x) = 192*x + 4. Suppose 169 = 5*l + 139. Let w be t(l). What are the prime factors of (-6)/21 + w/28?
41
Suppose 4*v = 184 + 248. List the prime factors of ((-129)/(-2))/(18/v).
3, 43
Suppose -5*p + s = -5, -4*p + 4 = -3*s - 11. Suppose -5*a + 2*i = -699, -3*a - i = -p*i - 426. List the prime factors of a.
3, 47
Suppose y + 3*q = 948, 3*y = -9*q + 13*q + 2844. Suppose -y = -3*z + 3*i, 471 - 146 = z + 2*i. List the prime factors of z.
11, 29
Suppose -7*m = -11*m - 4*v + 8, -m + 3*v = 10. What are the prime factors of (-194)/(4/(-12) + m)*2?
3, 97
Suppose -5*p = -5*l + 25, -5*l + 1 = -4. What are the prime factors of (2298/2 - 4) + (-12)/p?
2, 7, 41
Suppose -2*p + 88396 = 4*r, -20121 = -4*r - 3*p + 68269. List the prime factors of r.
2, 43, 257
Let u = -69468 - -99792. List the prime factors of u.
2, 3, 7, 19
Let m be (3 - 3) + 4 + -3. Let j = m + 3. Suppose 0 = 6*z - j*z - 114. List the prime factors of z.
3, 19
Let a = 821 - 207. List the prime factors of a.
2, 307
Let r = -364 + 771. Suppose -o - 56 = -r. What are the prime factors of o?
3, 13
Let z(p) = p**2 - 8*p - 7. Let a be z(-1). Suppose 3*l = a*r + 334, 0 = 2*l - 0*l - 5*r - 208. List the prime factors of l.
2, 3, 19
Let f(v) = 3*v + 7. Let c be f(13). Let x = 270 - c. Suppose 0 = 4*p + 2*y - 168, -5*p + x = -0*p - y. What are the prime factors of p?
2, 11
Let i(s) be the first derivative of s - 23/3*s**3 + 1/4*s**4 + 27/2*s**2 - 13. What are the prime factors of i(22)?
3, 37
Suppose 1037*o - 2082*o = -1038*o - 103782. What are the prime factors of o?
2, 3, 7, 353
Suppose 151 = 27*z - 24554. Let w = -61 - -276. Suppose -w = -5*y + z. What are the prime factors of y?
2, 113
Suppose 0 = 10*y - 15*y - 270. Let a = y + 58. What are the prime factors of ((-826)/(-21))/(a/6)?
59
Suppose 78*b = -16*b + 8*b + 2447904. What are the prime factors of b?
2, 3, 593
Let c(k) = k**2 - k - 27. Let j be c(6). List the prime factors of (-3576)/(-15)*j*5/6.
2, 149
List the prime factors of 5*9*(478883/805 + 6/(-21)).
3, 991
Suppose 0 = 3*p - 7 + 505. Let c = 45 - p. What are the prime factors of c?
211
Suppose 2*i - 424 = -3*a, -5*i + 1177 = -3*a + 75. Let q = i - -440. What are the prime factors of q?
2, 7, 47
Let g(r) = 3*r - 89. Let d be g(-14). Let z = d + 199. List the prime factors of z.
2, 17
Let o(l) = 4*l. Suppose -25 = -j - 21. List the prime factors of o(j).
2
Let u = 23865 - 12885. What are the prime factors of u?
2, 3, 5, 61
Suppose -10*p = -9*p - 1354. Suppose 3*i - p + 250 = 0. What are the prime factors of i?
2, 23
Let r be -3 + (4 - (-5 + 6)). Suppose 5*i - 3*x - 14 = 0, r = -9*i + 4*i - x + 22. Let g(h) = 31*h - 22. What are the prime factors of g(i)?
2, 3, 17
Suppose -26*u - 94148 + 723972 = 0. What are the prime factors of u?
2, 757
Suppose 0 = 127*t - 138*t + 33363. What are the prime factors of t?
3, 337
Let k(r) = -38*r - 62. Let j be k(9). Let w = j + 627. List the prime factors of w.
223
List the prime factors of ((-27288)/168*-7)/((9/(-2))/(-3)).
2, 379
Let n(i) = 3*i - 49. Let c be n(18). Suppose w - 448 = 2*m - 5*m, -c*m + 3*w + 742 = 0. What are the prime factors of m?
149
Let h(a) be the third derivative of 35*a**4/24 - 4*a**3 + 12*a**2 - 2*a. Let l be h(14). Let x = -278 + l. List the prime factors of x.
2, 47
Let v(n) = 25*n + 14. Let r be ((-1)/5)/((-3)/15)*-2. Let c be v(r). Let t = c + 238. List the prime factors of t.
2, 101
Suppose 2*t + 18 + 2 = -5*r, 2*r + 8 = -5*t. What are the prime factors of (-42)/(-4)*((-656)/(-28) - r)?
2, 3
Let p(r) = -53093*r + 809. What are the prime factors of p(-1)?
2, 26951
Suppose 0*q = 2*q + 2*o + 274, 0 = -4*q - 5*o - 548. Let a be ((-2)/(-4))/((-3)/(-414)). List the prime factors of (2/(-6))/(-2 - q/a).
23
Suppose 11*z + 0*z + 638 = 0. Let j = z - -52. List the prime factors of j/(-21) - 635/(-7).
7, 13
Let k(j) = -74*j**3 - 12*j**2 - 4*j + 5. What are the prime factors of k(-5)?
5, 359
Let l(k) = -2*k**3 + k**2 - k + 1. Let d(c) = -c**3 + 5*c**2 - 12*c. Let w(q) = d(q) - 4*l(q). List the prime factors of w(6).
2, 11, 17
Let z(k) = -6*k**2 - 9*k + 13. Let c be z(-8). Let t = 579 + c. List the prime factors of t.
2, 5, 7
Let z be -9 - 18/(-2)*9/27. Let h be 1/(32/(-60) + (-2)/z). List the prime factors of h*1*22/(-5).
2, 11
Let s(m) = 35*m**2 - 14*m - 8. Let z(v) = v**2 - 20*v - 48. Let q be z(22). List the prime factors of s(q).
2, 19
Let r be 40/6 + ((-20)/15)/2. Suppose -10*p + r*p + 4 = 0. List the prime factors of (p - 0)*((7 - -12) + -4).
3, 5
Let b(z) = -3092*z - 869. List the prime factors of b(-5).
14591
Let r(j) be the second derivative of 0 - j**2 + 18*j + 6/5*j**5 + 1/4*j**4 + 0*j**3. What are the prime factors of r(1)?
5
Let l(h) = 17*h + 176. Let p be l(-10). List the prime factors of 9/(p - 51) - (-20313)/15.
2, 677
Let b be (22/(-3) + 2)/(7/21). Suppose 4 = 5*l - 6. List the prime factors of b*(-4 - (-1)/l).
2, 7
Suppose 5*b = 5*z + 20, -31*b + 26*b + 25 = 0. What are the prime factors of 0/z - (-8010)/20*2?
3, 89
Let c(x) = 131*x - 11. Let u be c(-3). Let b be -17 - -14 - u*3. Suppose 2*f - b = -11*f. List the prime factors of f.
3, 31
Let u = -16834 + 16828. Let r be -1 + 0 + -28 - 2. List the prime factors of r*5*u/(2 - -4).
5, 31
Let q(o) = -o**2 + 17*o - 43. Let i be q(9). Let m(y) = y**2 - 22*y + 67. List the prime factors of m(i).
2, 3, 5
Suppose -26 = -31*d + 98. Suppose 4*q + d*x = 3028, -q + 4*x + 545 + 197 = 0. What are the prime factors of q?
2, 13, 29
Suppose -4*v - 363 = -395. Suppose v*m - 663 = 153. What are the prime factors of m?
2, 3, 17
Let a be (5 + (-4)/2)*(-58)/(-87). Suppose -3*v + 15*m - 10*m = -255, -a*m = 5*v - 456. What are the prime factors of v?
2, 3, 5
Let c(h) = 2*h**2 + 8*h + 14. Let j be c(-9). Suppose -n - 30 + j = 0. What are the prime factors of n?
2, 37
Let n(c) = -c**3 + 7*c**2 + 15*c - 12. Suppose -2*w = -2*i + 32, 3*w = 8*w - 10. Suppose 4*x + 3*b + 2*b = i, -16 = -2*x + b. List the prime factors of n(x).
3, 31
Let m = -573 + 573. Suppose -17*g + 22221 - 7465 = m. What are the prime factors of g?
2, 7, 31
Suppose 70 = -0*q + q. Let g be q/16 - (-15)/(-40). Suppose 102 + 16 = 5*h - g*p, -2*p = -h + 20. What are the prime factors of h?
2, 13
Let t(v) = 8*v + 203. Let c be t(-25). List the prime factors of (c + -1)*1995/14 - 0.
3, 5, 19
Suppose 16*x - 10975134 = -143*x. List the prime factors of x.
2, 34513
Let i(j) = 3*j**2 - 33*j - 8. Let t be i(4). List the prime factors of 10/3*(-17526)/t.
5, 127
Let y be 1/(-5) - 7/(-35). Suppose -5 = q -